3)?
23
Let f(i) = -58*i + 202. Suppose 0 = -u + o + 53, 60 = u + o + 3. Calculate the remainder when u is divided by f(3).
27
Suppose 3*r = 5*m - 10 - 0, -5*m - 3*r = 20. Let q = 8528 - 8524. Calculate the remainder when q is divided by (-8)/(-3) - m/3.
1
Let t = 51 - 106. Let l = -35 - t. Calculate the remainder when 139 is divided by l.
19
Suppose 0 = -6*a + 8*a - 50. Let q(x) = -41*x. Let g be q(-3). Let k = g - 26. What is the remainder when k is divided by a?
22
Let g = -15 + 46. Let k(s) = 8*s**2 - 9*s + 6. Let r(u) = 3*u**2 - 3*u + 2. Let o(z) = -4*k(z) + 11*r(z). What is the remainder when g is divided by o(-6)?
15
Let f be (-102 + 1)/(1 + -2). Let r = 107 - f. What is the remainder when ((-12)/(-1) + 1)*3 is divided by r?
3
Let u = -10 + 17. Suppose 0*n - u*n + 112 = 0. Suppose 0 = -v - t + 8, t + 22 = 4*v - 0*v. Calculate the remainder when n is divided by v.
4
Suppose -3*s = -s + 56. Let k = s + 31. Suppose 4*b = -9*t + 4*t + 20, -k*b = t - 4. Calculate the remainder when 11 is divided by t.
3
Suppose 0 = -4*d - 4*c + 4, -d + 5 + 11 = 4*c. What is the remainder when (-2 + 3 - 3) + 50 is divided by 0 + 14 - 12/d?
14
Suppose -b - 3*b - 3*g + 271 = 0, 49 = b - 3*g. What is the remainder when 185 is divided by b?
57
Let n(w) = -3*w + 47. What is the remainder when 160 is divided by n(6)?
15
Suppose 2*b - 2 = 0, -13*u + 10*u - 2*b + 2981 = 0. What is the remainder when u is divided by 71?
70
Suppose 16 - 56 = -5*c. Let v(r) = -r + 16. Let h be ((-4)/(-2))/((-3)/21). What is the remainder when v(h) is divided by c?
6
Suppose 59 + 445 = 42*t. What is the remainder when 129 is divided by t?
9
Suppose 0 = s - 13 + 9. Let l(k) = 34*k + 1. What is the remainder when l(s) is divided by 35?
32
Suppose 2*w - 69 = -l + 729, 3*w - 1211 = -5*l. Calculate the remainder when w is divided by 16.
13
Suppose p + 93 = 18. Let q = 55 - p. Suppose 0 = j + 28 - q. Calculate the remainder when j is divided by 26.
24
Calculate the remainder when (2/2)/(-2 + (-539)/(-266)) is divided by 11.
5
Suppose 11*w - 7*w - 16 = 0. Suppose -39 = -3*h + w*m, 0*h + m + 65 = 4*h. What is the remainder when 0 + 1 + (-147)/(-3) is divided by h?
16
Let i(y) = y - 38. Let u be i(-20). Let a = u - -78. What is the remainder when a is divided by 3?
2
Suppose k - 4*i - 1 = -9, 32 = 5*k + 4*i. Suppose -z = -2, 5*c - 7*z + 3*z = 2. What is the remainder when k is divided by c?
0
Let r(n) = -n**2 + 3 + n + 7*n - 9 + 0*n**2. Suppose 4*c = -c + 30. What is the remainder when 21 is divided by r(c)?
3
Let d = 101 + -71. Suppose s - 6*m = -3*m + 17, 0 = s - 2*m - 13. Suppose 3*f + 4*n = 22, 0*n = 4*f + s*n - d. What is the remainder when 19 is divided by f?
9
Suppose -4*y - y = 4*l - 173, 12 = l - 5*y. Let m(r) = r**3 - 7*r**2 + r + 1. Calculate the remainder when l is divided by m(7).
5
Suppose 2*t - 17 = 5*l, -2*l - 4*t - 3 + 1 = 0. Calculate the remainder when ((-4)/(-8))/(l/900*-2) is divided by 39.
36
Let p = -202 - -213. Calculate the remainder when 16 is divided by p.
5
Let p be 4 + (1 - 27) + 4. Let g = p - -34. What is the remainder when 141 is divided by g?
13
Suppose 0 = 2*w + 6, -3*o + 16 = -2*o + w. Calculate the remainder when 33 is divided by o.
14
Calculate the remainder when ((-7)/(-2))/(393/98 - 4) is divided by 43.
42
Let i = 2260 - 2177. Calculate the remainder when i is divided by 5.
3
Suppose 34 - 108 = -5*x - 2*b, -2*x + 17 = 5*b. What is the remainder when 31 is divided by x?
15
Suppose -3*o - q + 13 = -21, 4*o = -5*q + 60. Let b = 341 - 304. Calculate the remainder when b is divided by o.
7
Suppose 1317 = 13*l - 9. What is the remainder when l is divided by 13?
11
Let f(g) = -8*g**2 - 4. Let a be f(2). Let n = a - -103. What is the remainder when n is divided by 14?
11
Let v = 19 - 13. Suppose -180 = v*l - l. Calculate the remainder when l/2*5/(-10) is divided by 5.
4
Let i(o) = 35*o - 59. Calculate the remainder when i(3) is divided by 17.
12
Let f = 14 + -14. Let b be 3 + (-4)/(-4) + f. What is the remainder when 96/18*51/b is divided by 14?
12
Let u = 4 - -4. Let n(w) = w**3 - 12*w**2 + 11*w + 3. Let f be n(11). Let o = u - f. Calculate the remainder when 13 is divided by o.
3
What is the remainder when 3/(81/63)*15 is divided by 9?
8
Let v(i) = -15*i + 15. Calculate the remainder when 100 is divided by v(-1).
10
Suppose n = -3*n, -36 = -4*u - n. Suppose -1 = 3*j - 10. Suppose -5*p = j*t - 8*t + 10, -5*t + 34 = 3*p. What is the remainder when u is divided by p?
0
Let z = 12 + -6. Calculate the remainder when z is divided by (-9 + 68/12)*(0 + (-18)/15).
2
Let k(b) = -b**3 - 5*b**2 + 8. What is the remainder when 63 is divided by k(0)?
7
Let g = 263 - 238. Calculate the remainder when g is divided by 10.
5
Suppose -5*w = 0, -4*p + 15 = 2*w - 9. What is the remainder when 19 is divided by p?
1
Suppose 869*q = 872*q - 213. Calculate the remainder when q is divided by 51.
20
Let c = -715 + 777. Calculate the remainder when 741 is divided by c.
59
Let v = 4247 + -2961. What is the remainder when v is divided by 14?
12
Suppose 0 = 4*f + a + 39, -5*a = 5*f + 20 + 40. Let x = 23 + f. What is the remainder when 137 is divided by x?
11
Suppose -7*u = -297 - 844. Suppose -4*n + 124 = 4*v, 4*v - 4*n + 64 = 204. What is the remainder when u is divided by v?
31
Let m(j) = 9*j + 1. Calculate the remainder when m(6) is divided by 30.
25
Let n = -1454 - -1495. What is the remainder when n is divided by (-172)/(-14) + 2/(-7)?
5
Calculate the remainder when 39 is divided by (-150)/12*(-24)/15.
19
Suppose -28 = -6*d - 280. Let c = 45 + d. Calculate the remainder when 5 is divided by c.
2
Let l be 24/(-60) - 24/(-10). Suppose l*p = -7 - 3. Let c(y) = -2*y**3 - 6*y**2 - 7*y + 2. What is the remainder when c(p) is divided by 35?
32
Suppose 3*v - 37 = 2*p + 3*p, 2*p - 41 = -5*v. What is the remainder when 754 is divided by v?
7
What is the remainder when 129 is divided by (-19 + 17)*(-18 + 1)?
27
Let z(a) = 85*a - 90. Calculate the remainder when z(4) is divided by 26.
16
Let k(y) = -y**3. Let j(o) = -4*o**3 + 9*o**2 + 8*o + 4. Let c(f) = -j(f) + 3*k(f). Calculate the remainder when 28 is divided by c(10).
12
Let k(r) = 6*r**2 - 5*r + 27. Let b(l) = -5*l**2 + 6*l - 26. Let x(d) = -7*b(d) - 6*k(d). What is the remainder when 11 is divided by x(-13)?
4
Let l(g) = -g**2 + 15*g - 30. Let y(r) = -r**3 + 10*r**2 + 3*r - 19. Let d be y(10). What is the remainder when 26 is divided by l(d)?
12
Let y be (2/(-11) + 45/66)*2. Let w(r) = 9*r**2 - 2*r + 2. What is the remainder when 24 is divided by w(y)?
6
Let i(y) = 56*y - 158. What is the remainder when i(8) is divided by 73?
71
Suppose -10 = -2*m, -12*l = -15*l - m + 44. What is the remainder when 41 is divided by l?
2
Suppose 3*i = 7*i + 2*d - 156, 5*d = 4*i - 170. Let q be (-4 + i/4)/1. Calculate the remainder when (-58)/(-7) - q/21 is divided by 5.
3
What is the remainder when 71 is divided by (-1 + 18)/((-19)/(-38))?
3
Let z = -424 - -457. Calculate the remainder when 183 is divided by z.
18
Let n = -33 + 37. Let h(v) = 20*v + 3. What is the remainder when h(n) is divided by 28?
27
Calculate the remainder when 106 is divided by (-1)/2 - (-9 + 35/(-10)).
10
Suppose -32 = -7*n + 24. Suppose -98 - 142 = -n*m. What is the remainder when m is divided by 16?
14
Let d(j) = j**3 - 3*j**2 + 5*j - 4. Suppose -11 = 4*k - 3*n, -6*k - 5 = -5*k - 3*n. Calculate the remainder when 1/(81/(-41) - k) is divided by d(3).
8
Let m = 5 + -3. Suppose 2*f = -2*y - m*y + 58, 84 = 3*f + 3*y. Suppose l = 2*w + 18, -2*l + 16 = -2*w + 3*w. Calculate the remainder when f is divided by l.
7
Let g = 16 - 6. Let r = 5 - -22. What is the remainder when r is divided by g?
7
Suppose 1542 = -71*i + 8429. Calculate the remainder when i is divided by 33.
31
Suppose 5*i = 17 + 13. Let x be (-1)/(-2) - (-21)/i. What is the remainder when 35 is divided by (2/x)/(2/76)?
16
Let c(d) = 4*d**3 + d**2 + d. Let g be c(-1). Let y(a) = 11*a**2 - 3*a - 2. Let j be y(g). What is the remainder when 53 is divided by 18/(-30) + j/10?
17
Let d(a) = -6*a + 16. Let m(u) = 2*u**2 + 5*u - 1. Calculate the remainder when d(-6) is divided by m(-4).
8
Suppose 5*y + 2*y = 798. What is the remainder when y is divided by 30?
24
Let b be (10/(-2) - 2)/(-1). Suppose -5*j + 63 - b = -c, -28 = -3*j - 5*c.